et s(w) = -3*w**2 - 66*w + 10. Let n(q) = -6*c(q) + 17*s(q). Calculate n(4).
-22
Let w(s) = 4*s**3 + 3*s**2 + 7*s - 1. Let g(i) = -i**3 - i + 1. Let m(j) = -3*g(j) - w(j). Let n be ((-54)/(-8))/9 - 405/(-4). Let a = -105 + n. What is m(a)?
10
Suppose 0 = -2*u - 231*a + 228*a - 24, 4*u = 5*a - 4. Let z(l) = -l**2 - 3*l + 24. Give z(u).
6
Suppose 4*j = 4*g + 28, -20*g = 5*j - 23*g - 25. Let m(w) = 0 + w**j + 2 + 5 + 0 + 4*w. Calculate m(-4).
7
Let q(k) = 9*k**2 - 6*k + 3. Let o be q(5). Let n = o + -188. Let a(h) = h**2 - 10*h - 2. Determine a(n).
-2
Let y(o) = o**3 + 9*o**2 - 11*o + 8. Let n(b) = -b**2 - 16*b + 25. Let t be n(-14). Suppose -63*m - 100 = -t*m. Give y(m).
18
Let c = 1 - -5. Suppose 2*o - 11*d - 2 = -14*d, d = 3*o - 3. Let a(i) = -1 - 2*i**2 + 9*i + 7 - o - 6. What is a(c)?
-19
Let q(s) = -10*s**3 + 52*s**2 - 11*s + 12. Let o be q(5). Let v(f) = -f**2 + 15*f + 11. Determine v(o).
67
Let j(w) be the first derivative of w**3/3 - 2*w**2 + w + 7527. Let q be ((-10)/(-2))/(1 - 0). What is j(q)?
6
Let k = 36 - 0. Suppose k*d - 33*d = 12. Let v(a) = -a**2 + 5*a. Calculate v(d).
4
Let y(h) = -h + 27. Let v(x) = 1097*x - 4366. Let b be v(4). Determine y(b).
5
Let h(w) = 2*w + 18. Let r be h(-7). Let n(m) = -448*m**3 + 449*m**3 - 4*m - m**2 + r*m. Let i be ((-2)/(-3))/((-1)/(-3)). Give n(i).
4
Let a(x) = 19. Let c(s) = -7*s - 1. Let p(q) = -2*a(q) - c(q). Give p(6).
5
Let w = -4 - -8. Suppose 5*r - 2*x + 2 - 12 = 0, 4*r - 8 = 5*x. Let f(h) = -r*h - 7 - 9 + 21. Calculate f(w).
-3
Let r(y) be the second derivative of 7*y**3/6 - 8*y**2 + 63*y. Let l(c) = 19*c - 47. Let u(s) = -4*l(s) + 11*r(s). Give u(-10).
2
Let h(y) = -24*y - 207. Let b be (-114)/14 + (-60)/(-420). What is h(b)?
-15
Let j(a) = -a + 2*a**2 - 5*a**2 + 2*a**2 - 4. Let m be 3 + (420/1120 - (27/8 - -3)). Determine j(m).
-10
Let m = 5041 - 5047. Let x(q) = -q**2 - 11*q - 10. Determine x(m).
20
Suppose -x - 5 = 2. Let m(a) be the third derivative of -a**4/24 - 5*a**3/3 + 8*a**2 - 41*a. Give m(x).
-3
Let u = -1320 - -1324. Let g(m) = 2*m**2 - 7*m + 18. Let k(y) = y**2 - 4*y + 9. Let w(t) = -2*g(t) + 5*k(t). What is w(u)?
1
Let r(g) be the first derivative of -7/2*g**2 + 1/3*g**3 - g + 162. Calculate r(6).
-7
Suppose -44 = -q - 47. Let t be 28/8 - q - (-3)/(-2). Let k(j) = 2 - j**2 + 10*j - 1 - t*j - 3. Give k(6).
-8
Let o be 0/(-5) + (-4)/(-2). Suppose -23 = -7*v + 19. Let r(g) = v*g + 0*g**3 - 3*g + g**2 - g + 1 - 2*g**3. What is r(o)?
-7
Let g(l) = 2*l + 3. Suppose t = 5*t + 20. Suppose i = -3*i + 16, 5*i = -5*v + 15. Let w be (48/3 + v)*t/(-15). What is g(w)?
13
Suppose 2*n - 3*l = 23 + 14, 2*l + 98 = 5*n. Suppose 18*s + 663 = 159. Let p = s + n. Let x(c) = -c**2 - 9*c. Calculate x(p).
8
Suppose 9*g + 51 = 105. Let q(b) = -3*b + 3*b - 5*b + b**2. Calculate q(g).
6
Suppose 4*a + 1797 - 1801 = 0. Suppose -15*b + a = -14*b. Let z(d) = 43*d**2 + d. Calculate z(b).
44
Let x(r) = -11*r**3 + 4*r**2 + 18*r - 18. Let m(o) = -57*o**3 + 19*o**2 + 92*o - 89. Let d(p) = 6*m(p) - 31*x(p). What is d(-9)?
-3
Let r(n) = 6*n**2 + 6*n - 16. Let h = -5186 - -5188. What is r(h)?
20
Let n(v) = -v**3 - 10*v**2 - 10*v - 7. Suppose -2*p = 13 - 23. Suppose p*g - 18 = -g. Let b = g - 12. Determine n(b).
2
Suppose 5*o + 170 = -u - 4*u, -3*u - 5*o = 106. Let y = -28 - u. Let z be (-2 + (12 - y))/3. Let j(v) = 2*v + 2. Calculate j(z).
6
Let l be (1/(-4))/((-13)/52). Let s be 1 + (1/l - 0). Let i(a) = -14*a + 1. Calculate i(s).
-27
Let u(x) = -x + 8. Suppose 5*p + 117 = 18*p. Suppose 0 = 2*i + r - p, -6 + 21 = -5*r. Calculate u(i).
2
Let q(d) = -d**2 - 5*d - 5. Suppose 21*c = 26*c + 5. Let l be 8/((-24)/9) + c. What is q(l)?
-1
Let u(k) = k**3 + k**2 - 7*k + 1. Suppose -2*h - 2 = -2*z, h + 9 - 2 = 4*z. Suppose 4*v = -z*v - 18. Let o be u(v). Let s(m) = m - 9. Calculate s(o).
-5
Let m = 3 - 1. Let s(q) = -2 + m*q**2 - 3*q**2 - 2*q + q + 5. Let n(p) = -p**2 - 127*p - 1377. Let w be n(-115). Calculate s(w).
-9
Let g(h) = h**2 + 2*h - 112. Let v be 148/333 + 136/18 + (-2)/(-1). What is g(v)?
8
Let b(j) = 8*j - j**3 - 2 - 350*j**2 - 338*j**2 + 689*j**2. Calculate b(3).
4
Suppose -3*c + 3*z + 57 = 0, 0*z - 3 = -3*z. Let y = -18 + c. Let x(t) = 2*t**2 - 4*t**y - t**3 - 2*t**2 - 2*t + 9*t + 2. What is x(-5)?
-8
Suppose 0 = -2*a + 405 - 417. Let r(j) = -9*j + 39. Let c(y) = 8*y - 34. Let o(m) = a*c(m) - 5*r(m). Calculate o(4).
-3
Let f(i) be the first derivative of -18*i + 149 + 3/2*i**2. Give f(7).
3
Let f = 114 - 118. Let t(p) = 2*p**2 + 5*p - 2. Let h(w) = w**2 + 2*w - 1. Let k be (-315)/(-99) - (-4)/(-22). Let v(d) = k*t(d) - 5*h(d). What is v(f)?
-5
Let g(f) be the first derivative of 23*f**2/2 - 16*f - 3846. Give g(-3).
-85
Let g(h) = -5*h**2 - 2*h - 2 + 4*h**2 - 11 - 3*h**2 + 45*h. Give g(10).
17
Let o = -44 - -52. Let j(k) = 27*k - o*k - 8*k - 12*k + 6. Let v be j(0). Let l(m) = m**2 - 7*m + 5. Give l(v).
-1
Suppose -2*k - 5*d + 17 = 2*k, -17 = -5*k - 2*d. Let r = 3 - k. Let b(f) = 4 + f - 7*f + 3*f + r*f. What is b(5)?
-11
Let l(m) be the third derivative of -5*m**4/12 - 19*m**3/6 + 3840*m**2. What is l(-22)?
201
Let l(z) = 3 + z**2 - 5*z - 4*z + 1 + 4*z. Let g be l(5). Let x(n) = -g*n + 2*n**2 + 0*n + n - 3 + 2*n + n**3. Give x(-3).
-9
Let n(k) = k**3 - 4*k**2 + 4. Let l be (-6)/4 + 373/(-2). Let j = 192 + l. Calculate n(j).
4
Let c(f) = 411*f - 444. Let l(r) = -142*r + 153. Let v(u) = -10*c(u) - 29*l(u). Let b = -7 + 2. Calculate v(b).
-37
Let b(j) be the first derivative of -j**2/2 + j - 7972. Calculate b(6).
-5
Suppose 3*g - 414 = -2*n, -4*n + 3*g + 989 = 179. Let b(q) = -n + q**2 + 100 - 8*q + 99. Calculate b(10).
15
Suppose 3*r - 235 = -5*z, -22*z + 19 = -21*z - 5*r. Suppose 172 = z*y - 136. Let h(k) be the first derivative of -k**2 + 10*k + 1. Give h(y).
-4
Let m(x) be the first derivative of 1/2*x**2 - 212 + 4*x. What is m(8)?
12
Let r(o) = 16*o**2 - 52*o + 17. Let p(v) = -25*v**2 + 81*v - 26. Let s(j) = -7*p(j) - 11*r(j). Calculate s(4).
-1
Let l(g) be the first derivative of 2*g**2 + 2*g - 38. Let c = -41 - -31. Let a = 5 + c. Calculate l(a).
-18
Let p(c) = c**3 - 45*c**2 - 12*c - 9*c**2 + c**3 - 2 + 59*c**2. What is p(-4)?
-2
Let g(v) be the first derivative of 9/2*v**2 - 3 + 1/3*v**3 + 9*v. Suppose 4227*n = 4226*n - 7. Give g(n).
-5
Let l(v) = v**3 + v + 1. Let h = 46 - 40. Suppose 5*m + h = 16. Determine l(m).
11
Suppose 3*v - 7 = -0*v - 5*s, s = v - 13. Suppose 0 = 4*r + 31 + v. Let y(i) = -i**2 - 11*i - 10. Determine y(r).
0
Let w(p) = 2*p**2 + p - 2. Suppose 73 = 15*h + 28. Let u(k) = -k**3 - 5*k**2 - 3*k + 1. Let l be u(-5). Suppose -l = h*c + c. Determine w(c).
26
Let w be 40/(-30)*3/(-2). Let y(f) = -f**3 - 2*f**2 + 4*f. What is y(w)?
-8
Let z = 22837 - 22830. Let f(v) = 3*v**2 - 13*v - 24. Give f(z).
32
Let k be ((-12)/16)/(24/(-64)). Let d(z) = k - 18*z - 3*z + 20*z. Calculate d(4).
-2
Suppose 23*z - 12*z - 55 = 0. Suppose -z*c - 6 = 24. Let i(t) = t**2 + 6*t - 6. Determine i(c).
-6
Suppose -3*j + 6*b + 186 = 2*b, 5*b = -5*j + 310. Let f = j - 62. Suppose -2*x - 6 + 2 = f. Let n(v) = -3*v - 1. Determine n(x).
5
Let x(a) = 0 + a**2 - 21 + 27 + 7*a - 6. What is x(-3)?
-12
Let l(x) = -x - 5. Suppose -403 = 9*h - 412. Let r(u) = 2*u - 3. Let j(v) = h*l(v) + r(v). Calculate j(12).
4
Let s(g) = -g**3 - 6*g**2 + 7*g + 1. Let f(q) = -3*q + 26. Let m be f(7). Let y(h) = 2*h**2 - 16*h + 23. Let o be y(m). Calculate s(o).
1
Let j(o) = -4*o**3 + o**2 + 2*o + 1. Suppose -6*u = 62 + 124. Let z = u - -30. Determine j(z).
4
Let n(w) = 2*w - 9. Suppose 4*h + 40 = -g + 4, -h + 17 = -3*g. Give n(h).
-23
Let l be (-14)/3*12/8. Let q(y) be the third derivative of -y**6/120 - 7*y**5/60 + 2*y**3/3 + 3*y**2 - 11*y + 100. Calculate q(l).
4
Let p(f) = -3 + 33*f - 12*f - 16*f - 4*f. Let s(t) = -t - 6. Let r be s(0). Let c be 2 - (3 + r - 0). Calculate p(c).
2
Let b = -10994 - -10961. Let k(n) = -3*n**3 - 98*n**2 + 32*n - 37. Determine k(b).
-4
Let p(v) = v**3 - 6*v**2. Suppose 2*i + 2*k = -i, -5*k = 15. Suppose -5*t - 13 = -3*o, o + 3*t - 7 = i. Give p(o).
0
Let m(u) = -u**3 - u - 1. Let p(c) = -14*c**2 - 11 - c + c + 10*c**2 - 5*c**3. Let k(h) = -4*m(h) + p(h). Let o = -67 + 62. Determine k(o).
-2
Let m(h) be the first derivative of 6*h**2 + 5*h + 8177. Give m(6).
77
Let s(c) = 120*c - 167. Let l be s(-4). Let